 - -1) + (-8 - -23)?
9
Calculate (1 - (4 - (-6 - -4))) + 2.
-3
Calculate -3 - (-11 - -5 - (-4 + -7)).
-8
Calculate (2 - 5) + 1 - (-8 - -1).
5
What is the value of 0 + (-2 - -11) + -6 + 1?
4
-5 + 17 - 6 - 3
3
Evaluate -1 + (0 - -3) - 2.
0
-6 + (8 - -5) - (17 + 0)
-10
Calculate -3 + 18 + -9 + (-7 - -1).
0
Evaluate 0 + (-3 - -3 - -3) + -2.
1
-1 + 8 + -11 + 4
0
Evaluate -7 + -1 + -4 + 5.
-7
(1 - (-5 - -1)) + -44 + 42
3
Evaluate 6 + -10 + 6 + -4 - -7.
5
What is -3 + -2 - (-2 - -4 - 2)?
-5
Evaluate 4 + -7 + 4 + 3 + 1.
5
What is the value of 10 - (-2 + (-3 - (5 - 14)))?
6
2 + (4 - (-2 + 7 - 0))
1
Evaluate (-2 - -5) + (-2 - 3) + 0.
-2
Calculate (-9 - -11) + -4 + 1.
-1
Evaluate (3 + 0 - 0) + 0 + 2.
5
What is the value of 37 - 36 - (-1 + 7)?
-5
What is the value of 0 + -3 - (2 - (5 - 5))?
-5
What is the value of 0 + 3 + -14 + 14?
3
-1 + -1 + 5 + -16 + 9
-4
What is the value of -2 + 6 + -8 - 5?
-9
What is (-4 + 8 - 10) + 6?
0
What is (7 - 13 - 0) + 6?
0
What is the value of 0 - (3 + (-3 - -2))?
-2
2 + 2 - 4 - -3 - -2
5
Evaluate -13 - -18 - (2 - -1).
2
Evaluate 6 + -7 - (2 + 1).
-4
Evaluate -18 + (18 - 7) + 2.
-5
What is the value of -1 + 0 - (8 + -10 - -3)?
-2
(1 - -2) + (-5 - (-7 + 4))
1
-3 - (4 + -11) - (3 + -1)
2
Calculate 0 - (-3 + 3 - -4).
-4
What is the value of 5 - (3 - (-4 + 3))?
1
Evaluate (-5 - (3 + -7)) + 5.
4
-1 - (-2 - (-3 + 4 - -2))
4
What is -4 + 3 + -1 + 7?
5
Evaluate 20 + -4 - (5 - -2) - -1.
10
What is -1 - 6 - (-2 - 2 - -6)?
-9
Evaluate -1 + 8 + -2 + -5.
0
What is 1 - -7 - (-1 - -8)?
1
8 - (-1 + -6 + 13)
2
Evaluate -4 - 2 - (2 + -3).
-5
-3 + (11 - (1 - -7))
0
What is the value of 6 + (-4 - -5) + -2?
5
What is 0 + 0 + -5 + (25 - 11)?
9
What is the value of -2 - 2 - -2 - (0 - -1)?
-3
Calculate (1 - 0) + -8 + 5.
-2
-1 + -2 - (3 - (-5 - -11))
0
Calculate -8 - (7 - -2 - 19).
2
0 + 0 - (25 + -22)
-3
Calculate 1 + (0 - -3) + 7 + -13.
-2
Evaluate 2 - (-5 - (-8 - 2)).
-3
-3 + 1 + 21 + -17 - 1
1
7 + -1 + (-6 - 0)
0
Calculate 2 - 4 - (1 - 1) - 0.
-2
Evaluate 0 + 1 + 2 - (-9 + 8).
4
What is (18 - 14) + -1 + 2 + 0?
5
9 + (6 - 1) + -11
3
What is (-1 - 4) + -16 + (15 - 2)?
-8
What is the value of 3 + 0 + 1 + 0?
4
Evaluate 2 + -4 + 1 - -3.
2
What is the value of -7 + 4 + -2 + 7 + -1?
1
-6 + (-9 - -9 - 0)
-6
Evaluate 0 + 0 + (-8 - (-7 - 10)).
9
What is 1 + 0 + (1 + 0 - 2)?
0
-3 + (5 - 6 - -3 - 3)
-4
What is the value of -9 + 0 - (17 + -29)?
3
What is the value of 8 + -7 + 1 + 5?
7
What is the value of 2 - (1 + 2 + -5)?
4
(-4 - -7) + 8 + -13
-2
-2 + (5 - 2) + (2 - 7)
-4
What is 8 + -2 + -2 + -9?
-5
What is (-2 - 2) + (-3 - -6)?
-1
Evaluate -5 + -1 - -7 - 5.
-4
Calculate -5 + -3 + -4 + 12.
0
What is 17 - 10 - (-5 + 9 + 8)?
-5
Evaluate 6 - (-3 + 10 - -4).
-5
What is the value of (-4 - -5 - (3 - 0)) + 2?
0
17 + -14 + 2 + 0
5
-5 + 3 + 4 + -6
-4
-2 + 1 + -7 + 0 + 17
9
Calculate 8 + (-18 - -5 - -6) - -4.
5
Evaluate (7 - (1 + 3 + 1)) + -3.
-1
-3 + (2 - 6) - -8
1
What is the value of (7 - 3 - 2) + -1?
1
What is the value of 3 - 0 - 3 - 0?
0
What is -6 + 7 + (-9 - -1)?
-7
Calculate -1 + 2 + (7 - 7).
1
-282 - -289 - (15 - (2 + -1))
-7
Calculate -3 - ((-1 - 2) + 0).
0
What is -2 + (3 - 5) - 0?
-4
What is 1 + 3 + -4 - (-1 - 2)?
3
What is 3 + (-3 + -3 - -4 - -3)?
4
What is the value of (-10 - -24) + (-8 - 0)?
6
-4 + 8 - -2 - 4
2
(37 - 42) + (2 - 3)
-6
What is the value of -3 + (-1 - (6 - 2))?
-8
(-8 - -9) + (-6 - -1)
-4
Evaluate 68 + -67 + -4 + (3 - 2).
-2
-5 - -13 - (8 - 6)
6
What is 6 - -2 - (10 - 6)?
4
What is the value of (6 - 0) + (-3 - 4) - 1?
-2
Evaluate -4 + 1 - (-13 + (18 - 10)).
2
What is (2 - -1) + 2 + (1 - 0)?
6
What is (-47 - -47) + (1 - 2 - 1)?
-2
4 + 1 + (9 - 3) + -4
7
What is the value of 5 - (7 - (8 + (0 - 3)))?
3
What is the value of 1 + (4 - 4) - (0 - 0)?
1
Evaluate 9 + -7 + 4 + -1.
5
Calculate (2 - 0) + 15 - 10.
7
What is the value of (-5 + -4 - -1) + 4?
-4
What is (0 - (-2 + 15)) + (26 - 21)?
-8
What is (-1 - 1) + (15 + -1 - 7)?
5
Calculate -4 - (6 + (-2 - -9) + -8).
-9
Calculate -1 - 3 - (-3 + (-2 - -3)).
-2
What is the value of (5 - (-1 - (-3 - -2))) + -4?
1
Evaluate -3 - (3 - 5 - -1).
-2
-3 + (0 - 6) + 10
1
Evaluate (-7 - (-14 + 7)) + (1 - 3).
-2
What is the value of 0 + (-10 - -9) - (-5 + 1)?
3
What is -6 - -2 - (2 + -4 + 1)?
-3
What is the value of 1 - -6 - 4 - 8?
-5
What is the value of (64 - 61) + (5 + -1 - -2)?
9
Calculate 0 - (-4 - 1 - (-19 - -16)).
2
What is (-58 - -65) + (1 - (6 - 0))?
2
Calculate 16 + (-4 - 9) + 4.
7
Calculate (4 - (1 + 1)) + (-19 - -18).
1
Calculate 3 + 5 + (-11 - -7).
4
Evaluate 8 + -2 + -19 + 9.
-4
(-2 - -3) + 4 - 3 - 5
-3
(-3 - 1 - -3) + 0
-1
What is the value of -3 + (-5 - -10 - 1) + 4?
5
What is (-11 - -4) + 24 + -8?
9
Calculate -3 - -12 - 2 - 13.
-6
What is the value of 11 + 10 + -23 + 7?
5
Evaluate 3 - (0 + (-4 - -2)).
5
What is the value of (1 - 1 - (5 + -9)) + -1?
3
Evaluate 0 + 8 + -2 - (4 - 0).
2
-2 + (-13 - -13) + -1 + 2
-1
Evaluate (6 - (-18 + 9)) + -12.
3
1 + -5 + (0 - 1)
-5
(-1 - 0) + 4 - 6
-3
Calculate -5 + 14 + (-12 - -6).
3
What is 9 + -15 + (3 - 2) + 5?
0
What is the value of 23 - 26 - (0 - 2)?
-1
Evaluate (2 - (-4 - -6)) + 2.
2
What is the value of -2 + (0 - -5 - 4)?
-1
What is the value of 6 - (42 - 46 - (0 - 14))?
-4
Calculate (12 - (3 - -3)) + -11.
-5
What is the value of 3 - (-4 + 6) - (-4 - -1)?
4
Calculate -9 + (-2 - -1) + 5.
-5
(-1 - 4) + 103 + -107
-9
What is the value of (-2 - -6) + -3 - 4?
-3
-2 - ((-1 - -2) + -8)
5
What is the value of (-2 - 0) + (-12 - -11) + 3?
0
Calculate 11 + 0 - (4 + -10 + 9).
8
Evaluate 0 + -2 + 11 + -3.
6
Calculate (-6 - 1) + (-103 - -106).
-4
-10 - (-4 - (-1 + 3 + -3))
-7
Calculate (6 - (-8 - -15)) + 8.
7
What is the value of (0 - -2) + (0 - 2) - -2?
2
Evaluate 12 + (-15 - (0 - 6)).
3
Calculate 5 + 3 + -2 + -10 + 2.
-2
What is 1 + -8 + (1 - 4 - -6)?
-4
8 + (5 + -3 - 4) + -1
5
What is the value of -1 + 0 + -12 + 9?
-4
Calculate 8 + (1 + -5 - (1 - 1)).
4
1 - (0 - 0) - (1 + -4)
4
What is the value of -1 + 0 + (4 - 4)?
-1
Calculate 22 + -26 - (4 - -1).
-9
Evaluate -111 + 106 - (0 + (-2 - 2)).
-1
What is the value of 5 - (3 + -2 + -6) - 2?
8
What is the value of (2 - 5) + (2 - (0 - 4))?
3
Calculate -1 - ((-3 + 9 - 4) + 0).
-3
Calculate 39 - 42 - (7 + -4).
-6
What is -7 + 1 + 8 + 0 + 0?
2
What is 4 + (-9 - -2) + (-1 - -9)?
5
-2 - ((-6 - -2) + 1)
1
Evaluate (10 - 15) + 10 + -1 + -3.
1
What is 3 + -9 + -11 + 8 + 11?
2
Calculate 0 - (-7 + 11 - 10).
6
What is (1 + 1 - (6 - 6)) + -7?
-5
Evaluate (-1 - 4) + (-39 - -45).
1
Calculate (-8 - 0) + (2 - -5).
-1
-18 + 27 + (-10 - -3)
2
Calculate 0 + (16 - 11) + 2 + -3.
4
4 - (4 + (0 - 7 - -1))
6
What is the value of -2 + -5 + 13 + -3?
3
(0 - (2 + -3 + 0)) + -2
-1
(-9 - (-9 - 5)) + -5
0
Calculate 2 + 4 - (-8 - -17).
-3
Evaluate -4 + (-4 - -2) + 5.
-1
What is the value of (32 - 29) + (-9 - 3)?
-9
What is the value of -4 - -3 - (9 + -4 + -11)?
5
What is 2 - (-3 + 8 + 2) - -9?
4
Evaluate (14 - 14) + -3 + 0.
-3
What is the value of (5 - (6 + -4)) + -7?
-4
-1 - 7 - (21 + -27)
-2
What is 7 + (-7 + 0 - (-2 - 2))?
4
Calculate -2 + (4 - (3 - 2)).
1
-2 + (8 + -8 + 5 - 7)
-4
What is the value of 12 + 3 + -1 + -4 + -7?
3
What is -1 + 4 - (-21 - -25)?
-1
Calculate 2 - (2 + (3 - 5)).
2
(-2 - (6 - 4) - 0) + 9
5
What is the value of (-7 - (12 - 9)) + 3?
-7
6 + 9 - (-20 + 27)
8
What is the value of 4 + -2 + 6 - (3 - -1)?
4
What is the value of -5 - -4 - (1 - -3)?
-5
Calculate (-2 - -1) + -9 + 9 + -2.
-3
-4 - ((5 - -1) + -7)
-3
What is -1 + 3 + -4 - (0 + -4)?
2
Calculate 0 - (1 - -2) - (48 - 50).
-1
What is the value of 1 - (-5 - (-6 - -2))?
2
What is -3 + 2 + (0 - (2 - 1))?
-2
What is the value of -4 + 0 + (-8 - -15 - -6)?
9
(0 - 1 - 2) + (-3 - 0)
-6
What is (-3 + 0 - 1) + (-37 - -38)?
-3
Calculate (3 - (1 + 0)) + 338 + -341.
-1
What is -13 + 1 + 2 + -6 + 11?
-5
What is the value of -45 - -41 - (0 + (-2 - 0))?
-2
What is the value of (-4 - 0) + (-48 - -55)?
3
What is (-9 - -23) + -8 - 0?
6
What is the value of -6 + (11 - 2) + -12?
-9
What is (-3 - -5) + -5 + 3 + 2?
2
Evaluate -5 - (-13 - -8) - (-2 - 1).
3
Calculate 1 + -3 + 1 + 5.
4
Calculate (-9 - -8) + 1 + -2.
-2
What is the value of 7 + -6 + -4 + 4?
1
What is -2 + 1 - ((3 - 6) + 4)?
-2
Evaluate (2 - -1) + -2 + (4 - 1).
4
Evaluate (-6 - -3) + 7 + -11.
-7
What is -7 + 1 + 0 + -3?
-9
Evaluate 